 base 7, what is -532 - -4230302?
4226440
In base 5, what is 213243403122 - -1?
213243403123
In base 4, what is -3312030301120 - 1?
-3312030301121
In base 5, what is 234434 - -342?
240331
In base 2, what is 100 + 10010100001100011100110?
10010100001100011101010
In base 15, what is -e3b1be - -35?
-e3b189
In base 5, what is -400320122440 + -4?
-400320122444
In base 12, what is 4999634 - 2?
4999632
In base 3, what is 1 + 1121121222?
1121122000
In base 16, what is -4 + -eb934?
-eb938
In base 5, what is -13211022 - 124?
-13211201
In base 16, what is 3bf + -8c677?
-8c2b8
In base 4, what is 20223 + -33322020?
-33301131
In base 10, what is -83 + 244?
161
In base 14, what is -56 - 26823c?
-268294
In base 4, what is 3 - 2331330231?
-2331330222
In base 3, what is -10210202001100121 + 2?
-10210202001100112
In base 5, what is -201233043 - 100?
-201233143
In base 9, what is 1837437 + 37?
1837475
In base 12, what is -17b - 63622?
-637a1
In base 11, what is -342 - 49670?
-49a02
In base 16, what is 22b9d77 + -4?
22b9d73
In base 2, what is -1110111011110110 - 1010000?
-1110111101000110
In base 16, what is -23 + 181b84?
181b61
In base 11, what is 4 + 48534389?
48534392
In base 3, what is -1210120222 - 2101012?
-1212222011
In base 7, what is -1316150 - -525?
-1315322
In base 4, what is -232 + -1003100311020?
-1003100311312
In base 13, what is -5c37220 - 1?
-5c37221
In base 16, what is -dc73 - -178?
-dafb
In base 16, what is 1 + ead082f?
ead0830
In base 4, what is -101111 - 23222?
-130333
In base 14, what is 42034 - 12?
42022
In base 7, what is -661 - 1120332?
-1121323
In base 16, what is -9f + -a560?
-a5ff
In base 4, what is 10 + -21231113202?
-21231113132
In base 14, what is -1d4 - -146?
-8c
In base 7, what is -1631106 + 1623?
-1626153
In base 3, what is -1121012210010022 + 0?
-1121012210010022
In base 9, what is 2 - 425263167?
-425263165
In base 16, what is 0 + 2ddd88?
2ddd88
In base 7, what is 2 - 5521535361?
-5521535356
In base 11, what is -8a4252 + -18?
-8a426a
In base 4, what is -13 + -32323333230221?
-32323333230300
In base 16, what is -3 + 363b1d2?
363b1cf
In base 5, what is 12301014 - -130?
12301144
In base 5, what is -10032 + 2114?
-2413
In base 16, what is 1db8 + -174b3?
-156fb
In base 14, what is 156b4c - -1b?
156b69
In base 14, what is 1940b12b - -5?
1940b132
In base 4, what is 33210 - -1200210?
1300020
In base 7, what is 525056616 - 5?
525056611
In base 11, what is 268 + 36693?
36950
In base 10, what is -46678793 + -5?
-46678798
In base 10, what is 99 + 398190?
398289
In base 7, what is -3413212 + 323?
-3412556
In base 14, what is -12c0 - a8dc?
-bbbc
In base 6, what is 2 - -331150432?
331150434
In base 4, what is 11 + 2111120010002?
2111120010013
In base 4, what is -10 - 13103013301?
-13103013311
In base 15, what is -4 + -6832d9?
-6832dd
In base 7, what is 1200 + -6320240?
-6316040
In base 15, what is -13 + -45b9e?
-45bb2
In base 11, what is 143988 + -323?
143665
In base 4, what is -11302211301111 + -10?
-11302211301121
In base 6, what is 14502 - -35430?
54332
In base 9, what is 271 - -60002?
60273
In base 11, what is 6 - a76603?
-a765a8
In base 3, what is -22202211012 - -121?
-22202210121
In base 15, what is -9b + 5b0e?
5a63
In base 9, what is -50010682 - 7?
-50010700
In base 11, what is -540 - 68841a?
-68895a
In base 12, what is aa7 + -170b45?
-17005a
In base 6, what is -5304450 - -15?
-5304431
In base 16, what is 71 + -75d5?
-7564
In base 7, what is 124534 + -2216?
122315
In base 14, what is 74c - -6a9a?
7408
In base 12, what is 5 - 8b062?
-8b059
In base 5, what is -2 - 20040402?
-20040404
In base 10, what is -10459 + -910?
-11369
In base 11, what is -a77 - -4203?
3237
In base 7, what is -1410306261 - 11?
-1410306302
In base 13, what is -ca162b - -2?
-ca1629
In base 5, what is -10 - -312041140?
312041130
In base 7, what is 21262 - -646?
22241
In base 6, what is -32553135 + -4120?
-33001255
In base 8, what is 42341452 + -12?
42341440
In base 9, what is -43 + 4213486?
4213443
In base 5, what is -101 - 114110240?
-114110341
In base 16, what is -11efe + 1cb?
-11d33
In base 6, what is -533453523 - 42?
-533454005
In base 8, what is 2 + -5102767?
-5102765
In base 4, what is 302 + -332310020?
-332303112
In base 12, what is -1a687 + -a6?
-1a771
In base 7, what is -215066 + -11531?
-226630
In base 4, what is 10123210323113 + 1?
10123210323120
In base 8, what is -5742 - 72052?
-100014
In base 10, what is -102577 + 10?
-102567
In base 4, what is 2 + 110311121212?
110311121220
In base 10, what is 29917 - -879?
30796
In base 15, what is -13ee0 + -275?
-14265
In base 2, what is -100000 + -10000010100100111111000?
-10000010100101000011000
In base 11, what is -18 - 1313a94a?
-1313a967
In base 6, what is -21 - 1315201515?
-1315201540
In base 2, what is -11010111001000000101 + -11100?
-11010111001000100001
In base 10, what is -51 - -98221?
98170
In base 10, what is 1 + -353823433?
-353823432
In base 7, what is -6063 - -5506?
-254
In base 6, what is -1110005 + 35?
-1105530
In base 16, what is -7f - 13388?
-13407
In base 3, what is 1020022220 - 211220101?
101102112
In base 11, what is -483476 - 194?
-48365a
In base 11, what is -12 - -1259a1?
12598a
In base 14, what is -19d62 + -51a?
-1a47c
In base 3, what is -2221111121102120 - 2?
-2221111121102122
In base 7, what is 414055206 + 20?
414055226
In base 10, what is 6 + -5465154?
-5465148
In base 12, what is -22 - 1b1863?
-1b1885
In base 6, what is 22001 - 3251251?
-3225250
In base 15, what is 3b8e + -2c1?
38bd
In base 15, what is -1 - 3acadc?
-3acadd
In base 14, what is 18166 - 2b?
18139
In base 5, what is 22314 - -21221024?
21243343
In base 9, what is -115330 + 22?
-115307
In base 2, what is 1001111111000011001 - 100111010100?
1001111010001000101
In base 12, what is 111b6b - -40a?
112379
In base 10, what is 7 + -346285?
-346278
In base 3, what is -201 - 20010011122021010?
-20010011122021211
In base 14, what is -635c3b - -10?
-635c2b
In base 3, what is 1220210 + -11000012110?
-10221021200
In base 4, what is -13 - -2130111321301?
2130111321222
In base 4, what is 2103 + 22110120?
22112223
In base 15, what is 1a34 - -1a566?
1c09a
In base 9, what is -274665 - 8636?
-284412
In base 12, what is -352a2668 + -2?
-352a266a
In base 8, what is -41 + -1257563?
-1257624
In base 4, what is -31211 - 21021?
-112232
In base 16, what is -17a6078 + -6?
-17a607e
In base 8, what is -6 - 225766660?
-225766666
In base 7, what is 515614030 - 45?
515613652
In base 3, what is 1212221001212 + -22210?
1212220202002
In base 11, what is 31966a26 - 1?
31966a25
In base 11, what is -332a0 - 3280?
-36570
In base 12, what is -1021 - -1141?
120
In base 3, what is -1 - -10201110110101?
10201110110100
In base 6, what is 2032143 - -152?
2032335
In base 6, what is 115 - 24250355?
-24250240
In base 2, what is 100001 - -1011000101001100001111111?
1011000101001100010100000
In base 2, what is -11010100001001 - 10001110000011?
-101100010001100
In base 9, what is 541622408 - 1?
541622407
In base 12, what is 1874a322b + -1?
1874a322a
In base 13, what is -c02a + 28c?
-ba6b
In base 2, what is 10011100011 - 111101101111001?
-111011010010110
In base 16, what is -2a60e - -123?
-2a4eb
In base 10, what is -1 + 615772?
615771
In base 6, what is -134305 - 1323410?
-1502115
In base 6, what is -2324042103 - -2?
-2324042101
In base 11, what is 187a902aa - -2?
187a90301
In base 10, what is -762 - -163046?
162284
In base 6, what is 5031 - -1220501?
1225532
In base 8, what is 6 + -201235346?
-201235340
In base 11, what is -5 + -1877178?
-1877182
In base 2, what is -101 - 1100110011000111011101?
-1100110011000111100010
In base 6, what is 12414 + -45000?
-32142
In base 12, what is -31 + 68211?
681a0
In base 14, what is -9344c7 + 1?
-9344c6
In base 16, what is 872859 + -7?
872852
In base 3, what is 21222 + -102210000120?
-102202201121
In base 2, what is 1000011111111100110101 - 11001?
1000011111111100011100
In base 16, what is 39e - -161a?
19b8
In base 4, what is -1001311101 - 203?
-1001311310
In base 7, what is -1545030 + 301?
-1544426
In base 7, what is -12 - 54621023?
-54621035
In base 10, what is 5 - -14064?
14069
In base 12, what is 5 + -6b32b8?
-6b32b3
In base 8, what is 25 - -32375467?
32375514
In base 14, what is -3 + -2444a7c?
-2444a81
In base 9, what is 2154707044 - 4?